{"id":65,"date":"2019-09-06T19:55:59","date_gmt":"2019-09-06T17:55:59","guid":{"rendered":"http:\/\/127.0.0.1\/?page_id=65"},"modified":"2024-01-02T21:34:40","modified_gmt":"2024-01-02T20:34:40","slug":"experiences-personnelles","status":"publish","type":"page","link":"https:\/\/claudinemarichal.be\/?page_id=65","title":{"rendered":"Exp\u00e9riences personnelles"},"content":{"rendered":"<p>Je relate ici deux exp\u00e9riences hors du commun que j&rsquo;ai v\u00e9cues et que j&rsquo;ai envie de partager. La troisi\u00e8me exp\u00e9rience, qui est \u00e9galement hors du commun, je la pratique r\u00e9guli\u00e8rement.<\/p>\n<p>&nbsp;<\/p>\n<table style=\"border-collapse: collapse; width: 100%;\">\n<tbody>\n<tr>\n<td style=\"width: 33.3333%;\"><a href=\"https:\/\/claudinemarichal.be\/?p=137\"><img loading=\"lazy\" decoding=\"async\" class=\"alignnone size-medium wp-image-1556\" src=\"https:\/\/claudinemarichal.be\/wp-content\/uploads\/2019\/11\/Un-miracle-1-300x300.png\" alt=\"\" width=\"300\" height=\"300\" srcset=\"https:\/\/claudinemarichal.be\/wp-content\/uploads\/2019\/11\/Un-miracle-1-300x300.png 300w, https:\/\/claudinemarichal.be\/wp-content\/uploads\/2019\/11\/Un-miracle-1-150x150.png 150w, https:\/\/claudinemarichal.be\/wp-content\/uploads\/2019\/11\/Un-miracle-1-75x75.png 75w, https:\/\/claudinemarichal.be\/wp-content\/uploads\/2019\/11\/Un-miracle-1.png 500w\" sizes=\"auto, (max-width: 300px) 100vw, 300px\" \/><\/a><\/td>\n<td style=\"width: 33.3333%;\"><a href=\"https:\/\/claudinemarichal.be\/?p=139\"><img loading=\"lazy\" decoding=\"async\" class=\"alignnone size-medium wp-image-1557\" src=\"https:\/\/claudinemarichal.be\/wp-content\/uploads\/2019\/11\/Les-champignons-magiques-1-300x300.png\" alt=\"\" width=\"300\" height=\"300\" srcset=\"https:\/\/claudinemarichal.be\/wp-content\/uploads\/2019\/11\/Les-champignons-magiques-1-300x300.png 300w, https:\/\/claudinemarichal.be\/wp-content\/uploads\/2019\/11\/Les-champignons-magiques-1-150x150.png 150w, https:\/\/claudinemarichal.be\/wp-content\/uploads\/2019\/11\/Les-champignons-magiques-1-75x75.png 75w, https:\/\/claudinemarichal.be\/wp-content\/uploads\/2019\/11\/Les-champignons-magiques-1.png 500w\" sizes=\"auto, (max-width: 300px) 100vw, 300px\" \/><\/a><\/td>\n<td style=\"width: 33.3333%;\"><a href=\"https:\/\/claudinemarichal.be\/?p=5756\"><img loading=\"lazy\" decoding=\"async\" class=\"alignnone size-medium wp-image-5764\" src=\"https:\/\/claudinemarichal.be\/wp-content\/uploads\/2024\/01\/Frissons-300x300.png\" alt=\"\" width=\"300\" height=\"300\" srcset=\"https:\/\/claudinemarichal.be\/wp-content\/uploads\/2024\/01\/Frissons-300x300.png 300w, https:\/\/claudinemarichal.be\/wp-content\/uploads\/2024\/01\/Frissons-150x150.png 150w, https:\/\/claudinemarichal.be\/wp-content\/uploads\/2024\/01\/Frissons-75x75.png 75w, https:\/\/claudinemarichal.be\/wp-content\/uploads\/2024\/01\/Frissons.png 500w\" sizes=\"auto, (max-width: 300px) 100vw, 300px\" \/><\/a><\/td>\n<\/tr>\n<\/tbody>\n<\/table>\n<p>&nbsp;<\/p>\n<p><a href=\"\/\/www.pinterest.com\/pin\/create\/button\/\" data-pin-do=\"buttonBookmark\" data-pin-color=\"red\" data-pin-height=\"128\"><img decoding=\"async\" src=\"\/\/assets.pinterest.com\/images\/pidgets\/pinit_fg_en_rect_red_28.png\" \/><\/a><\/p>","protected":false},"excerpt":{"rendered":"<p>Je relate ici deux exp\u00e9riences hors du commun que j&rsquo;ai v\u00e9cues et que j&rsquo;ai envie de partager. La troisi\u00e8me exp\u00e9rience, qui est \u00e9galement hors du commun, je la pratique r\u00e9guli\u00e8rement. &nbsp; &nbsp;<\/p>\n","protected":false},"author":1,"featured_media":0,"parent":7,"menu_order":3,"comment_status":"closed","ping_status":"closed","template":"","meta":{"ngg_post_thumbnail":0,"footnotes":""},"class_list":["post-65","page","type-page","status-publish","hentry"],"acf":[],"_links":{"self":[{"href":"https:\/\/claudinemarichal.be\/index.php?rest_route=\/wp\/v2\/pages\/65","targetHints":{"allow":["GET"]}}],"collection":[{"href":"https:\/\/claudinemarichal.be\/index.php?rest_route=\/wp\/v2\/pages"}],"about":[{"href":"https:\/\/claudinemarichal.be\/index.php?rest_route=\/wp\/v2\/types\/page"}],"author":[{"embeddable":true,"href":"https:\/\/claudinemarichal.be\/index.php?rest_route=\/wp\/v2\/users\/1"}],"replies":[{"embeddable":true,"href":"https:\/\/claudinemarichal.be\/index.php?rest_route=%2Fwp%2Fv2%2Fcomments&post=65"}],"version-history":[{"count":8,"href":"https:\/\/claudinemarichal.be\/index.php?rest_route=\/wp\/v2\/pages\/65\/revisions"}],"predecessor-version":[{"id":5768,"href":"https:\/\/claudinemarichal.be\/index.php?rest_route=\/wp\/v2\/pages\/65\/revisions\/5768"}],"up":[{"embeddable":true,"href":"https:\/\/claudinemarichal.be\/index.php?rest_route=\/wp\/v2\/pages\/7"}],"wp:attachment":[{"href":"https:\/\/claudinemarichal.be\/index.php?rest_route=%2Fwp%2Fv2%2Fmedia&parent=65"}],"curies":[{"name":"wp","href":"https:\/\/api.w.org\/{rel}","templated":true}]}}